er?
False
Is 9225473891 a composite number?
False
Is 1194793421 prime?
True
Is 2723304109 a prime number?
False
Is 120700594489 composite?
False
Is 3079868069 a composite number?
True
Is 14460399463 composite?
False
Is 562904863 prime?
False
Is 1334273659 prime?
False
Is 734448997 a composite number?
False
Is 12339316641 prime?
False
Is 697807983 composite?
True
Is 7005059071 composite?
False
Is 6738088967 prime?
False
Is 357126191 prime?
False
Is 29073846247 prime?
True
Is 41359664851 a prime number?
False
Is 1329061737 a composite number?
True
Is 252571917641 prime?
True
Is 524308699 prime?
False
Is 22394411231 prime?
True
Is 2620683691 a composite number?
False
Is 22578704549 a composite number?
True
Is 3106005101 a prime number?
True
Is 541780783 prime?
False
Is 247054501 a composite number?
False
Is 5111428151 a prime number?
False
Is 12086490649 composite?
True
Is 1797206063 a composite number?
True
Is 101017285513 composite?
True
Is 539226421 a prime number?
False
Is 18383106029 composite?
True
Is 5981553317 composite?
False
Is 2670112699 prime?
True
Is 5532377701 a prime number?
True
Is 2564155403 composite?
True
Is 44446275157 composite?
False
Is 20276518627 prime?
False
Is 225704627 a prime number?
False
Is 3310375747 composite?
True
Is 8574968383 a composite number?
False
Is 317901040778 composite?
True
Is 48709705351 a prime number?
False
Is 9059319029 prime?
False
Is 720390709 a prime number?
True
Is 603633931 a prime number?
True
Is 1501774751 prime?
True
Is 10587629419 composite?
False
Is 4162274623 prime?
False
Is 43960776247 a composite number?
True
Is 2634707813 composite?
False
Is 8834088871 a composite number?
False
Is 8169756457 composite?
True
Is 12361492411 a composite number?
True
Is 6990798341 a prime number?
False
Is 29832793951 prime?
False
Is 644085173 prime?
False
Is 7474143385 a prime number?
False
Is 656647997 a prime number?
True
Is 276339017 composite?
False
Is 26721981697 prime?
True
Is 713052673 a prime number?
True
Is 10836870827 a composite number?
False
Is 2160417713 a prime number?
True
Is 54572087 a prime number?
False
Is 2831782751 a prime number?
False
Is 5995522639 composite?
False
Is 1082761565 composite?
True
Is 1568656367 a prime number?
False
Is 2199995573 prime?
False
Is 1943108719 a composite number?
True
Is 58317899 a prime number?
True
Is 208474661 a composite number?
True
Is 62578798609 prime?
False
Is 63077252153 composite?
True
Is 1168694473 a prime number?
True
Is 1128814469 composite?
False
Is 15142342539 a composite number?
True
Is 11120677615 prime?
False
Is 673845817 prime?
True
Is 2120511671 prime?
False
Is 156210709 a composite number?
False
Is 2044436447 prime?
True
Is 610592761 prime?
False
Is 3071677423 a composite number?
False
Is 144792829 prime?
False
Is 91519350259 composite?
True
Is 713542867 a composite number?
True
Is 39958101407 a prime number?
False
Is 8615010791 prime?
True
Is 292828777 prime?
False
Is 2549228111 a prime number?
True
Is 1773870733 a composite number?
True
Is 49120580309 a prime number?
True
Is 6032464567 composite?
True
Is 136073767 a prime number?
True
Is 5062250917 prime?
False
Is 54973105419 composite?
True
Is 4154097601 a prime number?
False
Is 50412711563 a prime number?
False
Is 6391896179 composite?
True
Is 968584751 composite?
False
Is 2735312003 prime?
True
Is 15994501577 a prime number?
True
Is 23757318119 composite?
True
Is 603666061 prime?
True
Is 1172909701 a prime number?
True
Is 926087959 a composite number?
False
Is 10610120309 composite?
False
Is 826570009 prime?
True
Is 5493993107 a prime number?
True
Is 65429911 a composite number?
True
Is 18477371321 a prime number?
True
Is 8223479801 composite?
True
Is 845629899 a prime number?
False
Is 67258131847 a prime number?
True
Is 1432156241 prime?
True
Is 7920893683 prime?
False
Is 702132593 composite?
True
Is 714115237 a prime number?
False
Is 154138378717 composite?
False
Is 42673662947 composite?
False
Is 4878017089 a prime number?
False
Is 292512551 prime?
False
Is 5408071373 a prime number?
True
Is 6511311871 a composite number?
False
Is 4695302993 prime?
True
Is 14411774879 a prime number?
True
Is 1558076797 a prime number?
False
Is 1152575077 prime?
True
Is 160077377 a composite number?
True
Is 7652552021 prime?
False
Is 7043711329 composite?
True
Is 24497241127 a composite number?
False
Is 318088951 a prime number?
False
Is 17354761471 prime?
True
Is 4007064011 a composite number?
False
Is 2854023261 a prime number?
False
Is 50332555561 a composite number?
False
Is 18872993369 composite?
True
Is 2291599399 composite?
True
Is 58941555817 a composite number?
False
Is 7187630449 composite?
True
Is 272938347217 a prime number?
False
Is 106225000411 a composite number?
False
Is 521549803 composite?
True
Is 2519241289 a prime number?
True
Is 831112329 a composite number?
True
Is 1706394509 a composite number?
False
Is 123060860801 a prime number?
True
Is 17759923007 a composite number?
False
Is 94824720889 prime?
True
Is 6238178161 a composite number?
False
Is 1677640411 a composite number?
False
Is 10337600429 prime?
False
Is 2334435793 composite?
True
Is 19719049846 a prime number?
False
Is 13798836367 a prime number?
True
Is 5905412413 composite?
True
Is 36588016921 a prime number?
False
Is 8765936873 a prime number?
True
Is 6399238531 a prime number?
False
Is 12465671 a composite number?
False
Is 37696278553 prime?
True
Is 1722797641 prime?
True
Is 1392542807 a prime number?
False
Is 2231704619 prime?
False
Is 12431967623 composite?
True
Is 1025266861 prime?
False
Is 581750521 composite?
True
Is 135438125101 a composite number?
False
Is 72116960659 prime?
False
Is 194745637 composite?
True
Is 1939066163 prime?
False
Is 1127501057 a prime number?
False
Is 2205771103 a prime number?
False
Is 1085914951 a composite number?
True
Is 49762496123 a prime number?
True
Is 7852788523 a prime number?
True
Is 30886195229 prime?
True
Is 88546513051 a composite number?
False
Is 4001263061 a composite number?
True
Is 6286436909 composite?
False
Is 3702253553 prime?
True
Is 1237628947 a prime number?
False
Is 5722522409 a composite number?
False
Is 588924088171 prime?
True
Is 17219532899 a composite number?
False
Is 4769268509 prime?
True
Is 141644179 composite?
False
Is 4305818183 a composite number?
False
Is 13321301429 a composite number?
False
Is 21509824487 a prime number?
True
Is 52783192433 prime?
True
Is 69970029607 a composite number?
False
Is 3670276823 a composite number?
True
Is 351701692703 a prime number?
True
Is 1729494049 prime?
False
Is 44737267451 composite?
False
Is 362369663 a composite number?
False
Is 844542893 a composite number?
True
Is 4628240959 a prime number?
True
Is 26869203353 prime?
False
Is 509105053 prime?
True
Is 7139759233 a composite number?
True
Is 8439807903 prime?
False
Is 139151809 a prime number?
True
Is 528299207 composite?
True
Is 903907933 a composite number?
True
Is 8615012239 prime?
True
Is 882693949 prime?
True
Is 1211609407 prime?
False
Is 667609471 composite?
False
Is 975497591 prime?
True
Is 595868359 composite?
False
Is 104318148317 prime?
True
Is 39252200333 prime?
True
Is 821011507 prime?
True
Is 508634177 composite?
True
Is 1780964441 a composite number?
False
Is 98028230539 prime?
True
Is 72995925579 composite?
True
Is 40606229 a composite number?
False
Is 5824687549 a composite number?
True
Is 3885688405 composite?
True
Is 1263162451 a prime number?
True
Is 801244463 prime?
False
Is 245317271 a composite number?
False
Is 405937349 prime?
False
Is 1901746111 a composite number?
True
Is 26915398571 prime?
True
Is 24948636742 prime?
False
Is 3013844173 a composite number?
False
Is 679732649 a composite number?
True
Is 128194923629 a composite number?
False
Is 12808917047 composite?
True
Is 101072813 a composite number?
False
Is 2551208351 a prime number?
False
Is 5299284217 prime?
False
Is 35985921143 a prime number?
True
Is 19947175697 a prime number?
True
Is 178673458129 prime?
False
Is 217511869 composite?
False
Is 10866745993 a composite number?
False
Is 2886480347 a prime number?
True
Is 3692626589 composite?
False
Is 72031653473 prime?
False
Is 1578880577 a composite number?
False
Is 794314583 a composite number?
False
Is 1569784393 a pri